= 1356 + -165. Let l = d - 791. Calculate the highest common divisor of 25 and l.
25
Suppose 0 = 3*g + 2*k - 41, -5*g + 441*k + 61 = 445*k. Suppose -5*n + 3*x + 312 = 0, 0 = 5*x - 2*x - 3. Calculate the highest common divisor of n and g.
21
Let b = 15925 + -15873. Calculate the greatest common factor of 3796 and b.
52
Let n = -29 + 33. Suppose -n*y - 220 - 368 = 0. Let c be y*((30/9)/2 + -2). What is the highest common factor of c and 7?
7
Let z be 5/(-5)*(2 - -1) + 327. What is the highest common divisor of 84 and z?
12
Let f(c) = 2*c**2 + 29*c - 14. Let m be f(-16). What is the highest common divisor of m and 1054?
34
Suppose -3*a + t = 5*t - 1, 2*t = -2*a. Let z(y) = 26*y**2 + 5*y + 4. Let q be z(a). Suppose -23 = -3*n + q. Calculate the greatest common divisor of n and 4.
4
Let u(i) = -8*i + 16. Let k(r) = 25*r - 49. Let w(y) = 6*k(y) + 17*u(y). Let b be w(6). What is the greatest common factor of b and 62?
62
Suppose 4050 = 56*a - 2*a. Calculate the highest common factor of a and 200.
25
Let p be ((-32)/9 - -4) + 14163/27. Suppose -p*s = -528*s + 42. Let d = 18 + -4. What is the highest common divisor of s and d?
14
Let q be ((-242)/(-3))/((-16)/(-48)). Suppose -9*s + 4*s = -470. Suppose -2*n - s = -5*i + 2*n, 26 = i + n. Calculate the greatest common factor of q and i.
22
Suppose 4*l - 3*y - 14 = 57, y = -l + 23. What is the greatest common factor of 7060 and l?
20
Let w be 2*26/4 - 1. Let x(b) = 59*b**2 - 16*b - 45. Let q be x(-4). Suppose -39 + q = 7*k. What is the highest common factor of w and k?
12
Let x be (22/5)/(8 - 3114/390). Let i = -275 + x. What is the highest common divisor of 22 and i?
11
Suppose -3*r + 4 = -5*r, -41 = -3*a - 5*r. Suppose -17 = -g + a. What is the greatest common factor of 17 and g?
17
Suppose -4*y = 2*o - 14, 3*y - 6*y - 22 = -5*o. Suppose 4*u + o*p - 246 = 19, 5*u - 322 = 3*p. Let v = u + -5. What is the greatest common divisor of v and 24?
12
Let t(v) = 93*v - 2171. Let n be t(44). What is the greatest common factor of 17 and n?
17
Suppose -27*y + 4410 = 5*q - 17*y, -1827 = -2*q + 5*y. What is the greatest common divisor of q and 406?
14
Suppose -2*w = 10*m - 7*m - 63, 0 = -2*w - 6. Let i be -18 + m - 21/(-3). What is the greatest common factor of i and 9?
3
Let f(t) = 3 + t**2 + 6*t - 2 - 12 - 4. Let w = -1285 + 1277. Let z be f(w). What is the greatest common factor of 1 and z?
1
Let u = 340 + -340. Suppose 0*i = g - 4*i - 66, 2*g + 2*i - 92 = u. Calculate the highest common divisor of g and 2.
2
Let f(j) = -j**2 - 6*j - 3. Let i be f(-5). Suppose 0 = i*o + o - 48. Suppose -59*y - 61*y = -133*y + 1664. What is the greatest common factor of y and o?
16
Let j be (186/(-310))/(3/(-10)). Suppose -7 = -x - j*q - 2, 3*x = -4*q + 13. What is the highest common factor of 11 and x?
1
Let s be (2/(-8))/((-6)/72). Suppose 5*f = s + 22. Suppose 0 = f*n + 3*p - 648, -2*n + 2*p + 210 = -62. What is the greatest common divisor of 12 and n?
12
Let i be ((0 - -2) + -7)*-1. Suppose b - 4*r - 13 = 0, i*b - 65 = -0*r + 4*r. Suppose -b*z = -8*z - 35. Calculate the highest common factor of z and 7.
7
Let s be (-8)/(-40) + 144/30. Suppose 3*l - 9 = -s*d, -l + 5*d = -2*l - 7. Calculate the highest common divisor of 320 and l.
8
Suppose 12*t = 11*t + 4. Let v(s) = 9*s - 17. Let b be v(t). Suppose -5*o + 44 = b. What is the greatest common factor of o and 35?
5
Let a(s) = 164*s - 6. Let w be a(1). Suppose b - w = 59. Suppose -j - l = 4*j - 1043, -3*l = j - b. Calculate the greatest common factor of j and 13.
13
Suppose 50 = 2*s + 4. Suppose 67*v = 66*v + 92. What is the greatest common divisor of s and v?
23
Let k be (-110 + 149)/(4/(8/6)). Calculate the highest common factor of 624 and k.
13
Let r(k) = k + 20. Let d be r(-2). What is the greatest common factor of 14760 and d?
18
Let h(m) = 3*m**3 - 88*m**2 - 50*m + 140. Let b be h(30). What is the highest common factor of b and 7128?
88
Suppose 5*f - 16 = f. Suppose 3*m = 4*n - 22 - 59, f*m + 100 = 5*n. Let v(z) = -6*z + 86. Let i be v(13). What is the highest common divisor of i and n?
8
Let s(l) = 101*l - 2. Let u be s(2). Suppose 45*f = 46*f. Suppose f = 25*g - 526 - 474. What is the highest common divisor of u and g?
40
Let g be (5/(5/(-3686)))/((-11)/11*1). Calculate the highest common factor of g and 38.
38
Let w be (6/(-15))/(1/(-5)). Let t be (14424/42 - 12/28)*-1. Let n = t + 346. Calculate the highest common factor of w and n.
1
Let s(c) = c - 28. Let d(i) = 2*i - 57. Let g(r) = 4*d(r) - 9*s(r). Let v be g(-6). Let p = 44 - v. What is the greatest common factor of p and 70?
14
Let v be (34/(-5))/(-23 - (-46332)/2015). Calculate the greatest common divisor of 186 and v.
62
Suppose s - 6994 = -2*n, -3*s - 78*n = -82*n - 21012. What is the greatest common factor of s and 75?
25
Suppose -l - 4*y + 158 = 0, -680 = -17*l + 12*l + 2*y. Calculate the greatest common divisor of 1150 and l.
46
Let j = 21256 - 10275. What is the greatest common factor of 139 and j?
139
Let j be 99 + (-34 - -66) + (-8 - -1). What is the highest common divisor of 10323 and j?
31
Let h be 3 + 371/(-119) - 11666/(-34). Let d = h - 134. Calculate the highest common factor of d and 19.
19
Let n(d) = -220*d - 1092. Let l be n(-5). What is the highest common factor of 1844 and l?
4
Let q(s) = -s**3 - 5*s**2 + 7*s + 10. Let c be q(-6). Let n(m) = 14*m**2 - 12*m - 4. Let l be n(2). Calculate the highest common factor of l and c.
4
Let v be ((-2)/(-10))/((-16)/(-37360)). Let p = -450 + v. Calculate the highest common divisor of p and 901.
17
Suppose 97772 = -2*p + 97862. Suppose -2*q + 0*q + 150 = 0. What is the highest common factor of q and p?
15
Let u be (-558 - -600)*((-3)/2)/(-3). Let j(h) = 347*h - 1. Let s be j(2). Suppose -s = 6*r - 9*r. Calculate the highest common divisor of u and r.
21
Let p = -8754 + 8757. Calculate the greatest common divisor of 3612 and p.
3
Suppose -5*k + 2*t + 176 = -2724, -3*t - 2900 = -5*k. Calculate the greatest common divisor of 5365 and k.
145
Suppose -32*s + 18*s + 11 = -45. What is the highest common divisor of s and 118?
2
Suppose 5*x = -p + 6*p - 205, -5*x = 25. Suppose 0 = 2*o - 14*o + p. Calculate the greatest common divisor of 8 and o.
1
Suppose 4*n = -14*n + 288. Calculate the highest common factor of n and 68.
4
Let t be (-391)/(-68) - 1/(-4). Suppose -h = -4*h + t*h. Suppose h = 2*y + 188 - 208. Calculate the greatest common factor of 80 and y.
10
Let p(t) be the second derivative of 1/2*t**3 - 13*t**2 - 25*t + 0. Let v be p(26). Calculate the greatest common divisor of 416 and v.
52
Suppose -64 = -5*u - 2*p, 3*u + p - 18 = 21. Suppose 2*k = 2*q + 30 - 4, 0 = 2*q - k + 21. Let n = u + q. What is the highest common factor of n and 3?
3
Let i = 2012 + -1776. What is the highest common divisor of i and 14?
2
Let m = -6709 - -6745. What is the greatest common factor of 1494 and m?
18
Let y be ((-400)/(-5))/(12/42). Let r = y + -196. What is the greatest common divisor of 8 and r?
4
Let o(g) = g**3 - 4*g + 6. Let w be o(3). Suppose -w = -4*m - 3*m. Suppose 3*f = -m, -5*f = -2*y - 0*f + 33. What is the greatest common divisor of 112 and y?
14
Let f = -10285 - -20312. Calculate the greatest common divisor of 1355 and f.
271
Suppose 19*i = 12165 - 2133. Suppose r - 5 = 61. What is the greatest common factor of r and i?
66
Let p = 8802 - 8662. Calculate the greatest common divisor of p and 205.
5
Suppose 1 + 1 = l. Let a(w) = 138*w**2 + 5*w. Let c be a(-2). Suppose -l*g = -5*x - 81 - 130, 0 = 5*g + 2*x - c. What is the greatest common factor of g and 36?
36
Let l = -88 - -118. Let g(o) = -6*o - 12. Let a be g(-5). Calculate the highest common divisor of a and l.
6
Suppose 7*u - 3*u = 2*f + 6086, 0 = -3*u - 4*f + 4592. Suppose 8*g - 2396 - u = 0. Calculate the highest common factor of g and 10.
10
Let g be 4/(-6) + 52/6. Suppose 0*k + k - 4*d = 155, -3*k + 443 = -d. Let u = k - 43. What is the greatest common factor of u and g?
8
Let h = -43 - -24. Let q = 32 + h. Let o be 12/(-9)*-48 - -1. Calculate the highest common factor of o and q.
13
Suppose 3*b - 32 = 5*q, b - 5*b = 4*q. Suppose -289 - 331 = -b*m. Let k be 6 + 67 + -32 + 21. Calculate the highest common divisor of m and k.
31
Let r = -1 + 5. Suppose 0*m + 5*f = -2*m - 26, m = 3*f - 2. Let u be -16*33/m*8/